mmon factor of o and 17.
17
Suppose 0 = -4*n + t + 99, -4*n - 46 = -4*t - 130. What is the greatest common factor of n and 78?
26
Let v = -36 + 59. What is the highest common divisor of v and 23?
23
Let s be 970/11 + (-10)/55. Calculate the greatest common factor of 8 and s.
8
Suppose -2*p + 3*w + 22 = 0, 0*p - p = 4*w. Suppose p*d = 5*d + 6. Suppose -7 - 183 = -d*o. What is the greatest common factor of 19 and o?
19
Suppose 83 - 11 = 4*i. Suppose s = -3*v + 30, 2*s - 2*v - 46 = -s. What is the highest common divisor of i and s?
18
Let b(r) = -r**2 - 13*r - 12. Let n be b(-8). What is the greatest common factor of n and 4?
4
Let i(x) = 10*x**3 + x**2 - x + 1. Let u be i(1). Calculate the highest common factor of u and 22.
11
Let j(p) = -p**3 + 8*p**2 - 15*p + 7. Let c be j(4). Calculate the greatest common divisor of c and 154.
11
Let m(t) = t**3 + 15*t**2 + 11*t - 20. Let r be m(-14). Suppose 4*p - p = -2*o + 13, 4*o + 3*p = 35. Calculate the highest common factor of r and o.
11
Let j be 4/6 - (-246)/(-18). Let x = 1 - j. What is the highest common divisor of 14 and x?
14
Suppose 12*i - 21 - 75 = 0. Calculate the highest common factor of i and 1.
1
Suppose 0 = -5*x - 158 - 102. Let b = 205 + x. Calculate the highest common divisor of 17 and b.
17
Let b = -12 + 11. Let v = b - -5. Suppose 0 = -2*l + 34 + 6. What is the highest common factor of l and v?
4
Let s = -79 - -117. Let v(l) = -7*l**3 + l**2 + 3*l + 3. Let x be v(-2). What is the highest common divisor of s and x?
19
Suppose 14 = 5*d - 11. Suppose s - 3*v - d = v, 0 = -5*s + 3*v + 25. What is the highest common factor of 45 and s?
5
Suppose 5*f - 76 = -21. Calculate the greatest common divisor of f and 88.
11
Suppose 0*o + 5*o + 3*x = 245, 0 = 3*x. Let h(p) = -5*p - 3. Let s be h(-2). What is the highest common factor of o and s?
7
Let z(p) be the third derivative of -3/2*p**3 + 1/12*p**4 + 0*p + 1/20*p**5 + 0 + 3*p**2. Let s be z(7). Calculate the greatest common divisor of 19 and s.
19
Let n = 6 - 2. What is the highest common factor of n and 6?
2
Let l(o) = -o**2 - 13*o - 14. Let j be l(-11). What is the highest common factor of j and 24?
8
Let g = 2 - -3. Suppose -g*t = -4*p - 144, -t - 4*t = -p - 156. Let x = 4 + 0. Calculate the greatest common factor of t and x.
4
Let z(d) = d**3 + 12*d**2 - 11*d + 48. Let r be z(-13). Suppose 0 = 3*p + 2*h - 157 - 16, 0 = -p - h + 59. What is the highest common divisor of p and r?
11
Suppose 2 = -2*o, 4*o + 8 = 5*g + o. Let t = g - 7. Let h = 2 - t. Calculate the highest common factor of 64 and h.
8
Let a be (-66)/(-24)*40/2. Suppose z = -4*z + a. Calculate the greatest common factor of z and 55.
11
Let b(r) = r**2 - 4*r + 2. Let k be 0/2 + 35/7. Let z be b(k). Calculate the greatest common factor of 35 and z.
7
Let z be (-6)/(-33) + 13/(-11). Let g = 1 + z. Let c(u) = u + 27. Let l be c(g). Calculate the highest common factor of l and 3.
3
Suppose 0 = 4*n + 4*u - 220, -2*u + 2 = -0. Calculate the highest common divisor of 6 and n.
6
Let x = 9 - 3. Suppose x*i + 12 = 2*s + 2*i, 4*s + 5*i = 37. Suppose 2*p = -0*p + 16. What is the highest common divisor of p and s?
8
Suppose -4*w - 3*g + 258 = 0, -5*g = w - 0*g - 73. Let o = -536 - -545. Calculate the greatest common factor of w and o.
9
Let v = -2 + 32. What is the highest common divisor of 240 and v?
30
Let r(v) = v. Suppose 3*p + 5*q - 19 = -0, 0 = -4*q + 8. Let x be r(p). Calculate the highest common factor of x and 2.
1
Let p be 2 + 6/8*4. Suppose -p*m + 4 = 4*u, 5*u - u - 20 = -m. Calculate the greatest common factor of u and 30.
6
Let q(i) = i**3 - 2*i + 2. Suppose 0 = 5*m - 4 + 9. Let x be m + 0 + 2 + 1. Let t be q(x). What is the highest common divisor of t and 48?
6
Suppose 0 = -5*a + 16 - 6. What is the highest common divisor of 4 and a?
2
Suppose -196 = -2*m - 84. What is the greatest common divisor of 8 and m?
8
Suppose -s + 5 = t, 4*t + 1 = -3*s + 20. Calculate the greatest common divisor of 11 and s.
1
Let i be 6/(-30) - (-498)/15. Calculate the highest common divisor of 132 and i.
33
Suppose -5*m = -3*b - 70, 4*b = 4*m + 5*b - 73. Suppose -3*k + h = 3*h - 457, 0 = -4*k - h + 611. Calculate the highest common factor of m and k.
17
Let t = 7 - 3. Let y = 4 - t. Suppose 7*c - 3*v = 2*c + 72, 2*c + 3*v - 12 = y. What is the highest common divisor of c and 96?
12
Suppose -57*l = -55*l - 12. Calculate the greatest common factor of l and 30.
6
Let z be 2/(-4)*(-2 + 2). Suppose z = 3*h - 319 + 31. What is the greatest common divisor of h and 12?
12
Suppose 0*x + 2*x = 12. Let d(m) = 4*m - 6 + 2*m - 3*m. Let s be d(7). Calculate the greatest common divisor of x and s.
3
Let o(l) = l + 10. Let r be o(7). What is the greatest common factor of r and 119?
17
Suppose 99 = s - t - 0*t, -t - 411 = -4*s. Suppose -3*v - 5*b + 118 = 0, -4*b = -4*v - 0*b + s. Let r = 101 - v. What is the greatest common factor of r and 10?
10
Suppose 0*w = -y - w + 144, 4*w = 0. Calculate the highest common divisor of y and 96.
48
Suppose -2*g - 4*a = 38, -4 = 4*a + 12. Let q = g - -23. What is the highest common divisor of 60 and q?
12
Suppose -4 = -12*p + 224. What is the highest common factor of 19 and p?
19
Suppose -7*l = -12*l + 20. Suppose 3*b + 5*s = 340, 0 = l*b - 0*b + 4*s - 448. Calculate the highest common factor of 22 and b.
22
Suppose 0 = -0*q + 4*q - 44. Calculate the greatest common factor of q and 121.
11
Let z(j) = -j**3 - 7*j**2 - 5*j - 4. Suppose 26 = -2*s + 5*l, 0*s - 5*s + l = 42. Let r be z(s). Calculate the highest common divisor of r and 20.
20
Suppose 0 = 2*g - 12 + 8. Let n be ((-3)/2)/(g/(-44)). Calculate the highest common factor of n and 3.
3
Suppose 5*d = 4*u - 25 - 51, -d = u - 28. Let k(b) = 71*b**2 - 3*b - 2. Let w be k(-1). What is the highest common divisor of u and w?
24
Let m(a) = a**3 - 4*a**2 + 7*a - 8. Let y be m(4). Calculate the greatest common factor of 80 and y.
20
Let f = 65 + -61. Calculate the greatest common divisor of f and 6.
2
Let z(w) = -w**3 + 6*w**2 + 6*w - 9. Let a be z(6). Let u = a - 12. Calculate the greatest common factor of 10 and u.
5
Let o(r) = -r**3 + 3*r**2 + 2*r - 4. Let h be o(3). Suppose -391 + 118 = -7*q. Let k be q/((-4 - -3) + h). What is the greatest common factor of k and 13?
13
Let u be 13/65 + (-44)/(-5). What is the highest common divisor of u and 9?
9
Let i = 32 - 22. What is the greatest common divisor of 2 and i?
2
Suppose 0 = 4*t + 4*y + 84, -t = -5*y + 2*y + 17. Let d = 38 + t. Calculate the highest common factor of d and 36.
18
Let q be ((-2)/(-3))/(10/15). Let f be ((-2)/(-3))/(q/6). Suppose 5*r = r + 4*h + 52, 62 = 5*r - 2*h. What is the highest common divisor of r and f?
4
Let s(i) = 36*i**2. Let n be s(2). Suppose -q + 31 = -2*k + 5, 4*k = -q - 4. What is the greatest common divisor of q and n?
16
Suppose 3 = 2*v - 5. Suppose 0 = -v*f + f + 6. Suppose 0 = 3*m - 12, -2*a - m = -f*m - 2. What is the highest common factor of a and 33?
3
Suppose -5*g = -10 - 110. Let b(q) = -11*q**3 - q**2 + q + 1. Let x be b(-1). Suppose -5*d + x*d = 40. What is the highest common factor of d and g?
8
Let z(w) = -w - 14. Let a(v) = v + 14. Let i(k) = -3*a(k) - 4*z(k). Let p be i(-12). Calculate the greatest common divisor of p and 2.
2
Suppose 1482 = 11*q - 5*q. Calculate the highest common factor of q and 19.
19
Let c = 45 - 10. What is the greatest common divisor of c and 5?
5
Suppose -2*t - 584 = -4*p, 13*p - 8*p = 4*t + 736. What is the greatest common factor of p and 32?
16
Suppose 3*x - 16 = -x. Suppose x*o - 10 = -o. Let k(i) = i**2 - i - 6. Let f be k(5). Calculate the greatest common factor of f and o.
2
Suppose 4*k = -m + 55, 2*m = 5*k - 101 + 16. Let z = -234 + 369. What is the highest common divisor of z and k?
15
Suppose -6*q = -q - 20. Suppose q*c + c = -35. Let u(l) = -l**3 - 7*l**2 + 1. Let s be u(c). Calculate the highest common factor of 3 and s.
1
Let j be ((-297)/18)/(3/(-4)). What is the highest common divisor of 33 and j?
11
Suppose 5*w - 5*j - 5 = 0, 0 = -0*w - 4*w + j + 7. Calculate the greatest common factor of w and 5.
1
Let q = 517 + -1357. Let g(s) = s**3 + 5*s**2 - 4*s - 2. Let n be g(-5). Let p be (-3)/2*q/n. Calculate the greatest common factor of 10 and p.
10
Let u be (15/20)/((-1)/(-4)). Suppose 2*g - 60 = -u*g. Le